 -15*s + 20*s + 7*o - 40500. List the prime factors of s.
2, 3, 5
Suppose -5*d = -10, 40 = -3*y - d - 3*d. Let z = y + -4. List the prime factors of -10*-1*(-24)/z.
2, 3
Let q = -93 - -129. Suppose 14*p - q*p = -11660. List the prime factors of p.
2, 5, 53
Let n be 4 - 2 - 32/(-4). Let z be (-12)/n*(-33 - 2). Suppose 2*x - 140 = z. What are the prime factors of x?
7, 13
Let g(w) = 19*w**2 + w - 3. Let v be g(3). Suppose -8*m + 740 = 100. Let a = v - m. What are the prime factors of a?
7, 13
Suppose -5*r = -3*t + 42, -90 + 20 = -5*t - 5*r. Suppose -t*q = -11*q - 4143. List the prime factors of q.
1381
Suppose 716 = -318*y + 322*y. Let n = 379 - y. List the prime factors of n.
2, 5
Let b(v) = -v**3 + 8*v**2 + 32*v - 41. Let d be b(12). Let w = 133 - d. What are the prime factors of w?
2, 3, 61
Suppose -2*y + 2202 = 3*c, 12*c - 2941 = 8*c - y. List the prime factors of (c/(-72) - -10) + (-6970)/(-18).
3, 43
Suppose -12*x = -8*x + m - 12, 0 = -3*x + 5*m + 32. Suppose -h + 738 - 109 = 2*l, x*l = 4*h - 2468. List the prime factors of h.
3, 23
Suppose -7*l + 169 = 316. Let c(v) = 2*v**2 - v + 94. What are the prime factors of c(l)?
997
Suppose 4*a + 5*r + 431 = 0, a + 110 = -4*r + 2*r. Let h = a + 326. What are the prime factors of h?
2, 3, 37
Let h = 167 + -165. Suppose 2*v + 3*k - 5*k = 1922, -h*v + 1922 = -4*k. List the prime factors of v.
31
What are the prime factors of 3/5 + (-254675)/(-125)?
2, 1019
Suppose -6*o = 1 + 23. List the prime factors of -7 + o/(-1) - -3 - -422.
2, 211
Let i = 8 - -37. Let j be (-14)/(9/(4266/(-4))). List the prime factors of (-14)/(-105) - j/i*-1.
37
Let b(s) = -17 + 57*s - s**2 - 24 - s**2. Let x(m) = -m**2 + 29*m - 21. Let w(h) = 4*b(h) - 7*x(h). What are the prime factors of w(10)?
7, 19
Let m(p) = 7*p - 5. Let h(k) = -2*k - 31. Let v be h(-14). Let b be 15/12 + 1 + v/12. What are the prime factors of m(b)?
3
Suppose -5*w - 5*u = -160, 3*w - 4*u = -0*w + 103. Let z be (w/(-9))/((-6)/252). Suppose -5*p = -4*r + z, 9*r + p - 178 = 4*r. What are the prime factors of r?
2, 3
Let p = 201698 - 136931. What are the prime factors of p?
3, 21589
Let h(r) = 29*r**2 - 11*r - 46. What are the prime factors of h(9)?
2, 19, 29
Suppose 121*b = 117*b + 6360. What are the prime factors of b?
2, 3, 5, 53
Suppose 2*x = -2*n - 0*x - 18, -5*x = -2*n - 4. Let s(r) = -r**3 + 7*r**2 - 2*r - 7. What are the prime factors of s(n)?
3, 7, 11
Let q(i) = -14*i + 32. Let g be q(-18). Suppose 11 = 5*m - 4. Suppose 4*r - g = -2*h, -7 - 5 = m*h. What are the prime factors of r?
73
List the prime factors of 16/64 - 20/(-48) - 98509/(-3).
7, 4691
Let k = -325 + 329. Suppose 4*a - 1650 = -5*s + 2130, 2*s - 1500 = -k*a. What are the prime factors of s?
2, 5, 19
Suppose -4*j - 26 = -5*j. Suppose -1522 = 25*p - j*p - 5*q, p + q - 1522 = 0. List the prime factors of p.
2, 761
Let z(m) = 472*m**3 - 3*m**2 + 19*m + 2. List the prime factors of z(5).
2, 3, 1093
Let v(x) = 3*x**3 - 6*x**2 - 3*x + 6. Let t = 4 - 7. Let f be v(t). Let l = f + 182. What are the prime factors of l?
2, 31
Let a(q) = 12*q**2 + 3*q + 485. Let b(i) = -61*i**2 - 16*i - 2424. Let v(f) = 11*a(f) + 2*b(f). What are the prime factors of v(0)?
487
Let m(c) = 11*c - 68. Let g be m(9). Suppose -1204 = -38*a + g*a. What are the prime factors of a?
2, 43
Let z = 78 - 75. Let g be (7 + -2)*(-12)/(-20). Suppose -g*l = -69 + z. List the prime factors of l.
2, 11
Let p be -1 + 10 - (-11)/((-55)/(-15)). Suppose 2*w = p - 2. Suppose -s = -w*y - 107, s + 63 = 2*y + 185. What are the prime factors of s?
2, 3, 11
List the prime factors of 10901858/198 + 4/(-216)*-6.
2, 5, 2753
Let v(z) = 4*z**3 + 23*z**2 - 148*z - 17. List the prime factors of v(11).
2, 3, 359
List the prime factors of (-2129)/((-2 - 7) + 8 + 0).
2129
Suppose -7*u + 577 = -907. Let t = u + 266. List the prime factors of t.
2, 239
Let w(a) = 4*a**3 + 68*a**2 + 2*a + 9. Let u be w(-17). Let m(v) = v**3 + 25*v**2 - 5*v + 34. What are the prime factors of m(u)?
3, 53
Let l = -658 + 165. Let i = l - -1190. List the prime factors of i.
17, 41
Let f = -207 - -98. Suppose -1471*h + 1476*h + 845 = 0. Let n = f - h. List the prime factors of n.
2, 3, 5
What are the prime factors of 2700866/103 - (-95)/(-5)?
26203
Suppose 231*o - 73078 = -6*g + 230*o, 0 = 5*g - o - 60902. List the prime factors of g.
2, 3, 5, 7, 29
Let o(v) = 34*v**2 + 38*v + 4. List the prime factors of o(-15).
2, 7, 11, 23
Suppose 4*q + 40427 = 4*c + 10107, -4*c = -5*q - 30324. List the prime factors of c.
2, 947
Let n(m) = 6*m + 64 - m**2 + 7*m - 15. Let z be n(16). Suppose -4*l + 338 = -5*t + z, 3*t - 9 = 0. What are the prime factors of l?
2, 11
Suppose 0 = 12*b - 4*b - 3416. List the prime factors of (-1 - b)/((-21)/21).
2, 107
Suppose 531*m - 22 = 542*m. Let x(o) = -136*o**3 - 5*o**2 - o + 2. What are the prime factors of x(m)?
2, 67
Let t(c) = -c**2 - 8*c - 4. Let s be t(-7). Suppose -2*a = 3*v - 628, 5*a = -s*v + 932 - 289. List the prime factors of v.
2, 103
Let p be 80/28 - (-1)/7. Suppose 525 = h - 2*v, 4*v - 617 = -p*h + 998. Suppose h = 4*l + 73. What are the prime factors of l?
5, 23
Suppose -184251 = -4*l - 2*b - 3685, 3*l = 3*b + 135411. List the prime factors of l.
2, 5, 37, 61
Let q(a) = 17*a**2 + a + 1. Let w(y) = -y**3 - 10*y**2 - 12*y + 12. Let f be w(-6). Let o = f + 62. List the prime factors of q(o).
71
Let z(i) = -8294*i + 2527. What are the prime factors of z(-4)?
3, 3967
Let k(g) = -g**3 + 18*g**2 - 11*g - 21. Let z be k(17). Suppose -2*l = -82*r + z*r - 1017, -5*l + 2547 = -r. List the prime factors of l.
2, 3, 5, 17
Let x(t) = -t**3 + 4*t + 3. Let r be x(-2). Let m be (2/2)/(r/(-327)). List the prime factors of (3 + (-2)/((-2)/m))/(-2).
53
Suppose -64*a = 68*a + 44*a - 6425232. What are the prime factors of a?
3, 43, 283
What are the prime factors of 7/(98/(-52)) + 4 + (-860643)/(-147)?
5, 1171
Suppose -y - 129 = 2*y. Let w = y - -50. What are the prime factors of ((-72)/(-84))/(1/w)?
2, 3
Suppose 0 = 4*h + 3*p - 43, 6 = h - 2*p - 2. Let z be 550*((-2)/h)/(10/(-25)). Let y = -158 + z. What are the prime factors of y?
3, 13
Let r(w) = 19*w**3 - 9*w**2 + 103*w - 13. What are the prime factors of r(6)?
5, 877
Suppose 2*d - 8*s = -5*s + 147356, 2*d - 147360 = s. List the prime factors of d.
73681
Let y be (72/8 + -9)/(-2 - -1). Let t be -2*(-1)/(2 - 1). Suppose -2*i + y*i = -2*h - 210, -t*i + 4*h + 204 = 0. What are the prime factors of i?
2, 3
Let j be 492/10 + 0 + 4/(-20). Suppose 40*u + 171 = j*u. List the prime factors of u.
19
Let r(a) = -10*a - 4. Let o(l) = -1. Let s(g) = 2*o(g) - r(g). Suppose 0 = 3*w - 2*h - 0*h - 26, 9 = w - h. List the prime factors of s(w).
2, 41
Suppose 7*m - 7 = -2*l + 6*m, 3*l = 4*m - 6. Suppose q + 7 = 2*x - 3*x, 0 = 4*q + l*x + 20. List the prime factors of (-6)/9 + (-65)/q.
3, 7
What are the prime factors of ((-14108)/6)/(8/(-36))?
3, 3527
Suppose 0 = -8*n + 12*n - 3496. Let g = n - 521. List the prime factors of g.
353
List the prime factors of 51/85 + (-31957)/(-5) + 2.
2, 23, 139
Let y = -1517 - -3219. List the prime factors of y.
2, 23, 37
List the prime factors of ((-1)/(-6) - ((-168400)/15)/8)*2.
7, 401
Suppose 0 = -65*z + 616691 + 248849. List the prime factors of z.
2, 3329
Suppose 7*u - 6*u + 2*z + 50 = 0, 145 = -2*u + 5*z. Let t = 319 + u. List the prime factors of t.
7, 37
Let y(b) = -46*b - 42. Let w be y(-6). Suppose 4*q = 154 + w. What are the prime factors of q?
97
Let d be (20/30)/(6/(-45)). What are the prime factors of 4*d/(-40)*-13*-62?
13, 31
Let z = 321 + 1387. List the prime factors of z.
2, 7, 61
Let c be ((-6)/24)/(1/36). What are the prime factors of 696 + c + 6 - 4?
13, 53
Let r(a) = 5*a - 8*a**2 - 30 - 51 + 112 + 2*a**3 - 58. What are the prime factors of r(5)?
2, 3
Suppose -2*z = -43*o + 39*o + 21876, -5*o = -z - 27342. List the prime factors of o.
2, 1367
What are the prime factors of (-1188538)/(-68) - (-6)/(-4)?
17477
List the prime factors of (1201 - -36) + (-1 + -7 - (-8)/2).
3, 137
Let z(j) be the first derivative of -j**4/4 + 7*j**3 - 13*j**2/2 + 70*j - 76. List the prime factors of z(16).
2, 571
Let q(v) = 14*v + 27. Suppose 8*f - 3*f = -70. Let u be q(f). Let o = u + 298. What are the prime factors of o?
3, 43
Let y(z) = 2*z - 72. Let q(p) = 3*p - 72. Let w(s) = 5*q(s) - 4*y(s